e
Let s = -207 - -362. Is s composite?
True
Suppose -s - 10 - 21 = 0. Let b = s - -58. Suppose n + h = -0*n + b, -5*h = 3*n - 91. Is n prime?
False
Suppose 0 = k - 4*k + 18. Suppose 10 = 2*p - 2*o, 3 = p + o - k. Suppose -g + 3 = -p. Is g a prime number?
False
Let q(v) = -2*v**2 - 8*v - 4. Let y be q(-6). Is (-3 + y)*5/(-5) a composite number?
False
Let l(a) be the second derivative of 43*a**3/6 - a**2/2 + 2*a. Let u be l(2). Let h = u + -48. Is h a composite number?
False
Let x(c) = 2*c - 8. Let d be x(5). Is 1/(d + -1) - -250 prime?
True
Let o be (-29)/(-9) - 6/27. Let b be -10*((-9)/o - -1). Suppose -z + 17 = -b. Is z composite?
False
Suppose -45 = v - 4*r, 4*v + r + 252 = -r. Let f = v - -108. Is f a prime number?
True
Is ((-212)/8 - 3)*-2 a composite number?
False
Let k(v) = -v. Let q be k(-2). Suppose 5*d = q*d + 960. Is d/4 - (-1 + 2) composite?
False
Let u be 10/25*5*-4. Let f = u + 6. Is f/3 - (-32)/3 a prime number?
False
Let i(d) = 106*d - 1. Is i(2) a composite number?
False
Let b(f) = 5*f**2 - 7*f - 8 - 9*f**2 - f**3 - 5*f**2. Suppose -3*x = -5*x - 18. Is b(x) prime?
False
Let b be (-14)/4 - (-3)/6. Is (b + 65)*6/4 a prime number?
False
Let u(g) = -g + 59. Is u(0) a composite number?
False
Let v be 1/2*(-15 + -1). Let n be 5 + (v/2 - -2). Let i = 12 + n. Is i a composite number?
True
Let r = 19 - 9. Let c = 0 - 1. Let d = c + r. Is d composite?
True
Let p = -816 + 1285. Is p a composite number?
True
Let k = 7 + -4. Suppose 5*t + k = 4*f, 3 = -f + 5*t - 0. Suppose 3*s - 194 = i, -200 = -5*s + f*s - 5*i. Is s composite?
True
Suppose 0 = 2*l - a - 19, l - 37 = -4*l - a. Let j = l - 5. Let u = j - -10. Is u prime?
True
Let d = -5 - -2. Let g(u) = -u - 3. Let p be g(d). Let y(l) = l + 10. Is y(p) a prime number?
False
Let j(m) = -3*m**3 + 5*m**2 - 6*m + 1. Let k(c) = 2 - 5*c**3 + 6*c**2 - 11*c + 2*c**2 + c**2. Let r(n) = 11*j(n) - 6*k(n). Is r(-3) a prime number?
True
Let g = -854 + 1231. Suppose 0 = 2*t + g - 1167. Suppose -6*i + 3*f + t = -i, -4*f = 2*i - 158. Is i a prime number?
True
Let w = -6 + 9. Suppose 0 = w*j + j - 160. Let h = -7 + j. Is h composite?
True
Suppose 4*y = b + 81, -5*b - 2*y = 326 + 13. Let h = b - -210. Suppose h = i + 2*i. Is i a composite number?
False
Let v(n) = 14*n**2 + 12*n - 13. Is v(-8) a composite number?
False
Suppose 0*y + y - 203 = 0. Is y a composite number?
True
Suppose 0*k + 1185 = 3*k. Suppose 0 = 4*q + q - k. Is q prime?
True
Let u(x) = -22*x - 5. Is u(-6) composite?
False
Let v(a) = 2*a**2 - 4*a - 2. Suppose 2*n = -3*p + 17, p = -n - 0*p + 9. Let l = 14 - n. Is v(l) a composite number?
True
Let f(m) = m**2 + 5*m. Let s be f(-5). Let t = s + 3. Suppose 7*b - t*b = 140. Is b composite?
True
Suppose -2*q - x = 3*q - 7, q = 4*x - 7. Suppose 880 = 3*h + q. Is h a prime number?
True
Let g be (-3131)/(-3) - 10/15. Suppose 5*y - 422 = g. Is y composite?
False
Let p be 3/((12/(-147))/(-4)). Suppose 0 = 4*r - 475 + p. Is r a composite number?
True
Suppose 3*y = -1 + 13. Suppose y*d - 14 = -6. Suppose -d*h + 108 = 4*j - 20, -3*j + 89 = 5*h. Is j composite?
True
Let v(h) = -34*h - 9. Let q(b) = -69*b - 18. Let p(k) = 2*q(k) - 5*v(k). Is p(6) a prime number?
False
Suppose -4 = q + q. Is -2*q/2 - -93 prime?
False
Let l(p) = 2*p**3 - 6*p**2 + 6*p - 3. Is l(5) a prime number?
True
Let r(y) = -y**2 - y + 11. Let q be r(0). Let b(l) = l - 7. Let i be b(q). Suppose -4*j = -4*f + 204, 2*f = i*f - 3*j - 98. Is f a prime number?
False
Let m(j) = -j**2 - 12*j + 7. Suppose -7 = 3*y + 2, 78 = -5*v - y. Let n be -5*-12*2/v. Is m(n) prime?
False
Let o = 2 + 0. Suppose o*y = -y. Let z(w) = w + 37. Is z(y) a composite number?
False
Let k(s) = -s**3 + 17*s**2 + 6*s + 7. Is k(14) a composite number?
True
Suppose 4*s - 2338 = 5314. Is s composite?
False
Let z(k) = 20*k - 1. Let w be z(1). Is (7 + w)*(-3)/(-2) composite?
True
Suppose 0*n - 111 = -3*n. Let t = n - 26. Suppose s - 40 = t. Is s composite?
True
Suppose -5 + 0 = -5*t, 8693 = 3*y + 2*t. Is y a prime number?
True
Suppose -4*j = 5*u - 17, 3*j = -3*u + 4*j + 17. Suppose -5*q + 5*r + 3 + 27 = 0, q + u*r - 6 = 0. Is q a prime number?
False
Let h(a) be the second derivative of 0*a**2 + 2*a - 11/6*a**3 + 0. Is h(-7) composite?
True
Let h be (-2)/(4/6) + -115. Let a = 220 + h. Suppose 0 = -3*p + 243 + a. Is p a prime number?
False
Suppose t + t - 8 = 0. Let p = -2 + t. Suppose -5*l = 0, -l - 66 = -2*q - p*l. Is q prime?
False
Suppose 54 + 113 = 2*a + 5*t, 0 = -3*a - 3*t + 255. Let x = 207 - a. Suppose -x = -3*r - 10. Is r a composite number?
False
Suppose 4*w - 620 = -0*w. Is w prime?
False
Suppose -2*z - 3*z = -35. Let w = 4 + z. Is w a composite number?
False
Is 221 - (-2 - (-2 - -2)) composite?
False
Let z be (-4)/14 - (-1082)/14. Let f = -18 + z. Is f composite?
False
Let i be (42/12)/((-2)/(-20)). Suppose -3*m = -58 - i. Is m a prime number?
True
Suppose -4*v - 4*r - 24 = 0, 0 = 5*r - 0*r + 25. Let q(b) = 70*b**2 + b. Let k(n) = -211*n**2 - 4*n. Let s(o) = 2*k(o) + 7*q(o). Is s(v) a prime number?
False
Is 4*(28/24)/((-4)/(-1266)) composite?
True
Let m be (2/(-3))/(2/(-81)). Let j = m - -100. Is j a prime number?
True
Is 3 + -3 - (-2 + 3) - -5300 composite?
True
Let d(w) = w**2 - w + 5. Let l be d(4). Suppose l = s + 4. Suppose -s = -3*h + 2*h. Is h a prime number?
True
Suppose -3*v = 6, 30 = -3*d - 2*v - v. Let f(r) = r**2 + 2*r + 9. Let w be f(d). Suppose -2*t - w = -5*t. Is t a prime number?
True
Is 5*(-2 - (-951)/15) composite?
False
Let w be ((-10)/8)/(1/(-4)). Suppose 5*f - w*r - 125 = 0, 0 = 2*f + r - 20 - 36. Let i = 6 + f. Is i prime?
False
Suppose q + 0*q + 340 = 3*y, 5*q - 334 = -3*y. Is y prime?
True
Let k = 969 + -320. Is k a prime number?
False
Let u(j) = -67*j - 4. Let y be u(4). Let x = 381 + y. Suppose 3*d = 2 + x. Is d composite?
False
Suppose 0*r = -4*r - t + 19, -28 = -4*r - 4*t. Suppose 5*x + 61 = 2*z, -r*z + 2*x = -2*x - 140. Is z a prime number?
False
Is 521 - ((1 - -3) + -4) a composite number?
False
Let r = -710 - -1545. Is r a prime number?
False
Is 0 - -2 - 51*5/(-1) composite?
False
Let d(p) = -44*p + 9. Is d(-10) prime?
True
Let c(f) = f + 10. Is c(13) a prime number?
True
Let f(h) = 88*h + 1. Suppose i - 3 = -2*i. Is f(i) prime?
True
Let p = 1987 + -248. Is p a composite number?
True
Let x(i) = i**3 - 2*i**2 - i + 2. Let t be x(2). Let h be (-10 - -10)/(t - 1). Suppose h*z = -4*z - 2*g + 512, 5*g - 137 = -z. Is z prime?
True
Let v(p) be the first derivative of p**7/840 - p**6/180 + p**4/24 + 2*p**3/3 + 1. Let x(c) be the third derivative of v(c). Is x(4) composite?
True
Let l = -1689 - -2788. Is l prime?
False
Let d(x) = 10*x**3 + 4*x**2 - 6*x + 3. Is d(2) composite?
True
Suppose -3*x + 3*l = -129, 4*x + 5*l - 245 = -x. Is x prime?
False
Let z = 2 + -3. Let j be z + (-2)/2*1. Is (-284)/(-8) - (-1)/j composite?
True
Suppose -u + 2*u = 2*l + 65, 4*u + 28 = -l. Is (-235)/(-4) - 8/l prime?
True
Let l(q) = q**2 - 5*q + 4. Suppose 3*r - r - 10 = 0. Let w be l(r). Suppose w*n - 20 = 4*o, 0*n + 3*o + 22 = 4*n. Is n prime?
True
Let r = 0 - -2. Suppose -r*i - 10 = -4*w - 2, 3*w = 6. Suppose i = -5*k + 36 + 39. Is k composite?
True
Let g(m) = -m - 5. Let q be g(-8). Suppose -2*d + q*w = -163, w = -3*w + 4. Is d a composite number?
False
Let a(z) = z**3 + 7*z**2 + 4*z - 7. Suppose 5*u - 7 + 32 = 0. Is a(u) a composite number?
False
Let u = 10 + -3. Let f = 10 - u. Suppose 3*p + f*i - 33 = 0, i + 0*i = -2*p + 26. Is p composite?
True
Let y = 553 - -904. Is y a composite number?
True
Let a = -4 + 2. Let t(y) = -9*y**3 - y**2 + y + 1. Let v be t(a). Is 1/(2 - v/34) composite?
True
Let o(w) be the third derivative of -59*w**4/12 - 5*w**3/6 - 6*w**2. Is o(-7) prime?
True
Let d = -141 + 274. Is d a composite number?
True
Suppose -m + 3 = 2*d, -2*m + 0 - 2 = 0. Let p(v) = v + 8. Let l be p(-4). Suppose 2*o - 94 = -3*u, 0 = o + l*o + d*u - 257. Is o composite?
False
Suppose -4*n + 109 = 4*u + 29, n - 4*u + 5 = 0. Let i(z) = -z**3 + 4*z**2 + 2*z - 4. Let h be i(4). Suppose h*x - 37 - n = 0. Is x a composite number?
False
Suppose 5 - 4 = u, 5*d = -2*u + 2137. Is d a prime number?
False
Let p(g) = 7*g - 5*g - 5 + 3*g**2 + 3. Is p(-7) composite?
False
Suppose 0 = 5*f - 8*f + 24. Is 66 + f + 4 + -1 a prime number?
False
Let m = 11 - 17. Let t(i) = -i. Let a b